{"id":639,"date":"2020-08-08T23:51:44","date_gmt":"2020-08-08T21:51:44","guid":{"rendered":"https:\/\/labourseades.fr\/?page_id=639"},"modified":"2025-02-02T15:24:47","modified_gmt":"2025-02-02T14:24:47","slug":"poitiersjeux","status":"publish","type":"page","link":"https:\/\/labourseades.fr\/index.php\/poitiersjeux\/","title":{"rendered":"Bienvenue \u00e0 Grand Poitiers, une communaut\u00e9 qui joue !"},"content":{"rendered":"\n<p>Nous vous souhaitons une bonne arriv\u00e9e \u00e0 Grand Poitiers \ud83d\ude42 Si vous aimez jouer, vous \u00eates dans le bon endroit ! Poitiers poss\u00e8de des bars \u00e0 jeux, des boutiques sp\u00e9cialis\u00e9es, des escape games, des ludoth\u00e8ques ainsi que de tr\u00e8s nombreuses association ludiques. Et <a href=\"#autour\" title=\"les autres communes de la communaut\u00e9\">les autres communes de la communaut\u00e9<\/a> ne manquent pas d&#8217;atouts non plus ! Jetez plut\u00f4t un \u0153il \u00e0 ce plan qui vous les pr\u00e9sente :<\/p>\n\n\n\n<div class=\"wp-block-buttons is-layout-flex wp-block-buttons-is-layout-flex\">\n<div class=\"wp-block-button\"><a class=\"wp-block-button__link wp-element-button\">Samedi<\/a><\/div>\n<\/div>\n\n\n\n<figure class=\"wp-block-image aligncenter size-large\"><img loading=\"lazy\" decoding=\"async\" width=\"1024\" height=\"724\" src=\"https:\/\/labourseades.fr\/wordpress\/wp-content\/uploads\/2023\/01\/Ventre-Poitiers-ludique-1024x724.png\" alt=\"\" class=\"wp-image-1576\" srcset=\"https:\/\/labourseades.fr\/wordpress\/wp-content\/uploads\/2023\/01\/Ventre-Poitiers-ludique-1024x724.png 1024w, https:\/\/labourseades.fr\/wordpress\/wp-content\/uploads\/2023\/01\/Ventre-Poitiers-ludique-300x212.png 300w, https:\/\/labourseades.fr\/wordpress\/wp-content\/uploads\/2023\/01\/Ventre-Poitiers-ludique-768x543.png 768w, https:\/\/labourseades.fr\/wordpress\/wp-content\/uploads\/2023\/01\/Ventre-Poitiers-ludique-1536x1086.png 1536w, https:\/\/labourseades.fr\/wordpress\/wp-content\/uploads\/2023\/01\/Ventre-Poitiers-ludique.png 2000w\" sizes=\"(max-width: 1024px) 100vw, 1024px\" \/><figcaption class=\"wp-element-caption\">On vous met au d\u00e9fi de tout faire une une semaine !<\/figcaption><\/figure>\n\n\n\n<h2 class=\"wp-block-heading\">Le jeu associatif \u00e0 Poitiers<\/h2>\n\n\n\n<p>Voici le meilleur moyen de contacter les associations ludiques de Poitiers :<\/p>\n\n\n\n<p class=\"has-black-color has-text-color\"><br><strong>La Bourse \u00e0 D\u00e9s<\/strong> &#8211; Jeux de soci\u00e9t\u00e9 et de r\u00f4le : <a href=\"https:\/\/www.instagram.com\/bourseades\/\">Compte Instagram<\/a> | <a href=\"https:\/\/www.facebook.com\/labourseades\">Page Facebook<\/a> | <a href=\"https:\/\/discord.gg\/u4gYZqcXAr\">Serveur Discord<\/a> | <a href=\"https:\/\/labourseades.fr\/\" title=\"\">Site internet<\/a> | contact@labourseades.fr<br><strong>Damocl\u00e8s <\/strong>&#8211; Jeux de cartes : <a href=\"https:\/\/discord.gg\/x2RdKHun4W\">Serveur Discord<\/a> <br><strong>MIPEUL <\/strong>&#8211; Jeux de soci\u00e9t\u00e9 : <a href=\"https:\/\/www.facebook.com\/MIPEUL\">Page Facebook<\/a> | mipeul@gmail.com<br><strong>Ordalie<\/strong> &#8211; Jeux de soci\u00e9t\u00e9 et de r\u00f4le : <a href=\"https:\/\/www.facebook.com\/groups\/177329471821\">Groupe Facebook<\/a> | asso.ordalie@gmail.com<br><strong>Les Orks, Grand Poitiers <\/strong>&#8211; Jeux-vid\u00e9os et e-sport : <a href=\"https:\/\/www.instagram.com\/orks_gp\/\">Compte Instagram<\/a> | <a href=\"https:\/\/www.facebook.com\/orksgp\">Page Facebook<\/a> | contact@orks.fr<br><strong>Futurolan <\/strong>&#8211; Jeux-vid\u00e9o, \u00e9v\u00e9nements geek : <a href=\"https:\/\/www.facebook.com\/GamersAssembly\/\">Page Facebook<\/a> | contact@futurolan.net<br><strong>La Guilde<\/strong> &#8211; Jeux de r\u00f4le : <a href=\"https:\/\/www.facebook.com\/LaGuildeDePoitiers\">Page Facebook<\/a> | <a href=\"https:\/\/forum.laguilde-poitiers.com\/index.php\">Forum<\/a><br><strong>L&#8217;\u00e9table des jeux<\/strong> &#8211; Jeux de soci\u00e9t\u00e9 : <a href=\"https:\/\/www.facebook.com\/Etable-des-Jeux-1700421000236773\">Page Facebook<\/a> | etabledesjeux@gmail.com<br><strong>La Ligue des Guerriers Pictaves<\/strong> &#8211; Jeux de figurines et historiques : <a href=\"https:\/\/www.facebook.com\/Ligue-des-Guerriers-Pictaves-416568238801194\">Page Facebook<\/a><br><strong>Les Trollistes<\/strong> &#8211; Jeux de figurines : <a href=\"https:\/\/www.facebook.com\/Lestrollistes\">Page Facebook<\/a><\/p>\n\n\n\n<hr class=\"wp-block-separator has-text-color has-black-color has-alpha-channel-opacity has-black-background-color has-background is-style-wide\"\/>\n\n\n\n<h2 class=\"wp-block-heading\">Le jeu organis\u00e9 \u00e0 Poitiers<\/h2>\n\n\n\n<p>Envie de tournois, de concours ou de soir\u00e9es sp\u00e9ciales ? Contactez les responsables :<\/p>\n\n\n\n<p><strong>Bar Le Baffalou<\/strong> &#8211; Jeux de soci\u00e9t\u00e9, soir\u00e9es quizz : <a href=\"https:\/\/www.instagram.com\/le_baffalou\/\">Compte Instagram<\/a> | <a href=\"https:\/\/www.facebook.com\/LeBaffalou\">Page Facebook<\/a> | 06 34 12 47 21<br><strong>Bar La Taverne du Geek<\/strong> &#8211; Jeux-vid\u00e9os, tournois, soir\u00e9es jeux : <a href=\"https:\/\/www.instagram.com\/tavernedugeek_poitiers\/\">Compte Instagram<\/a> | <a href=\"https:\/\/www.facebook.com\/tavernedugeekpoitiers\">Site internet<\/a> | tdg.poitiers@gmail.com<br><strong>Boutique La Ludibrairie<\/strong> &#8211; Soir\u00e9e jeux : <a href=\"https:\/\/www.facebook.com\/ludibrairie.poitiers\" title=\"\">Page Facebook<\/a> | 05 49 52 83 74 | laludibrairie@gmail.com<br><strong>Boutique Le Labo de Merlin<\/strong> &#8211; Tournois jeux, Magic, Yu-Gi-Oh! : <a href=\"https:\/\/www.facebook.com\/labodemerlin\">Page Facebook<\/a> | 09 61 67 81 61 |contact@labodemerlin.com<br><strong>Place Ludique<\/strong> &#8211; Animations ludo-\u00e9ducatives : <a href=\"https:\/\/www.facebook.com\/placeludique\">Page Facebook<\/a> | 06 80 37 32 00 | info@placeludique.com<br><strong>Zeplin d&#8217;jeux<\/strong> &#8211; Animations jeux : <a href=\"https:\/\/www.facebook.com\/Zeplindejeux\">Page Facebook<\/a> | 06 17 17 93 11| zeplindejeux@gmail.com<br><strong>L&#8217;Envers du bocal<\/strong> &#8211; Animations jeux : <a href=\"https:\/\/www.facebook.com\/lenversdubocal\" title=\"\">Page Facebook<\/a> | 09 53 42 32 15| lenversdubocal@gmail.com<br><strong>La Toupie Volante<\/strong> &#8211; Animations jeux sur roues : <a href=\"https:\/\/www.facebook.com\/la.toupie.volante.poitiers\">Page Facebook<\/a> | 06 83 01 12 08 | <a href=\"https:\/\/latoupievolante.fr\/contact\/\">Site internet<\/a> <br><strong>La Guinguette Pictave<\/strong> &#8211; Animations jeux : <a href=\"https:\/\/www.facebook.com\/LaGuinguettePictave\" title=\"\">Page Facebook<\/a> | 06 01 03 03 81 | <a href=\"https:\/\/www.instagram.com\/laguinguettepictave\/\" title=\"\">Compte Instagram <\/a><br><strong>Escape Game Poitiers<\/strong> &#8211; Escape game : <a href=\"https:\/\/www.escapegame-poitiers.fr\/\">Site internet<\/a> | contact@escapegame-poitiers.fr<br><strong>Escape League<\/strong> &#8211; Escape game : <a href=\"https:\/\/www.escape-league.fr\/\">Site internet<\/a> |contact@escape-league.fr<br><strong>Escape Yourself Poitiers<\/strong> &#8211; Escape game : <a href=\"https:\/\/poitiers.escapeyourself.fr\/\">Site internet<\/a> |poitiers@escapeyourself.fr<br><strong>Huis-Clos<\/strong> &#8211; Escape game : <a href=\"https:\/\/www.huisclosescapegame.fr\/\">Site internet<\/a> | contact@huisclosescapegame.fr<br><strong>Odyss\u00e9e Prod<\/strong> &#8211; enqu\u00eate en ext\u00e9rieur : <a href=\"https:\/\/www.odysseeprodpoitiers.fr\/\">Site internet<\/a> | 06 47 14 42 50<br><strong>Libellud <\/strong>&#8211; soir\u00e9es prototypes : <a href=\"https:\/\/www.libellud.com\/\">Site internet<\/a> |05 49 00 19 90<\/p>\n\n\n\n<hr class=\"wp-block-separator has-text-color has-luminous-vivid-orange-color has-css-opacity has-luminous-vivid-orange-background-color has-background is-style-wide\"\/>\n\n\n\n<h2 class=\"wp-block-heading\" id=\"autour\">Tout autour de Grand Poitiers<\/h2>\n\n\n\n<p>Il y a \u00e9galement plein de structures en dehors de la communaut\u00e9 \u00e0 d\u00e9couvrir, proches ou un peu plus lointaines : <br><br><strong>La Baudo<\/strong> &#8211; G\u00eete et bar ludique &#8211; Gizay : <a href=\"http:\/\/www.labaudo.com\/\">Site internet<\/a> | 06 64 12 40 96<br><strong>Le Sens du Jeu <\/strong>&#8211; boutique sp\u00e9cialis\u00e9e &#8211; Ch\u00e2tellerault : <a href=\"https:\/\/www.odysseeprodpoitiers.fr\/\">Site internet<\/a> | 05 16 17 81 67<br><strong>Le Th\u00e9\u00e2tre des jeux<\/strong> &#8211; Bar&amp;Jeux &#8211; Chir\u00e9-en-Montreuil : <a href=\"https:\/\/www.facebook.com\/MarieetStephane\">Site internet<\/a> | 06 60 97 36 77<\/p>\n\n\n\n<hr class=\"wp-block-separator has-text-color has-luminous-vivid-orange-color has-css-opacity has-luminous-vivid-orange-background-color has-background is-style-wide\"\/>\n\n\n\n<h2 class=\"wp-block-heading\">Les r\u00e9seaux pour jouer<\/h2>\n\n\n\n<p>Pour faire connaissance avec le secteur ludique sans sortir de chez soi !<\/p>\n\n\n\n<p>Groupe <strong>Je Joue \u00e0 Poitiers (JJP)<\/strong> &#8211; Facebook : <a href=\"https:\/\/www.facebook.com\/groups\/258247354699971\" title=\"\">Groupe de discussion et d&#8217;actualit\u00e9s<\/a><br>Groupe<strong> Jeux dans le 86<\/strong> &#8211; Facebook : <a href=\"https:\/\/www.facebook.com\/groups\/356462314472058\" title=\"\">Groupe de discussion et d&#8217;actualit\u00e9s<\/a><\/p>\n\n\n\n<hr class=\"wp-block-separator has-text-color has-luminous-vivid-orange-color has-css-opacity has-luminous-vivid-orange-background-color has-background is-style-wide\"\/>\n\n\n\n<h2 class=\"wp-block-heading\">Activit\u00e9s ludiques<\/h2>\n\n\n\n<p>Envie de jouer tout de suite ? Voici les activit\u00e9s jeux tout au long de la semaine !<\/p>\n\n\n\n<p><\/p>\n\n\n\n<h2 class=\"wp-block-heading\">Prochains \u00e9v\u00e8nements \u00e0 Grand Poitiers<\/h2>\n\n\n\n<p><strong>FLOP <\/strong><a href=\"https:\/\/www.facebook.com\/events\/3311634839149952\/\" title=\"\">(Festival Ludique Officiel du Porteau)<\/a> &#8211; Poitiers, foyer du Porteau : Jeux de soci\u00e9t\u00e9, de cartes, d&#8217;ext\u00e9rieur, tout public et petite enfance<br><strong><a href=\"https:\/\/www.facebook.com\/events\/3601434800086252\" title=\"\">Festival d&#8217;Ultavia 9<\/a><\/strong> &#8211; Poitiers, maison des \u00e9tudiants : jeux de soci\u00e9t\u00e9, de cartes, de r\u00f4le, tout public et inclusif<br><strong>F\u00eate du Jeu<\/strong> de<a href=\"https:\/\/www.facebook.com\/KAPOjeux\" title=\"\"> Kap&#8217;O Jeux<\/a> &#8211; Chauvigny, : Jeux de soci\u00e9t\u00e9, en bois, escape box, tournois, tout public<br><strong>FJP<\/strong> (<a href=\"https:\/\/www.facebook.com\/FJP2022\" title=\"\">Festival du Jeu en Poitou<\/a>) &#8211; Neuville-du-poitou, salle des f\u00eates : Jeux de soci\u00e9t\u00e9, de cartes, en bois, tout public et petite enfance <br><\/p>\n","protected":false},"excerpt":{"rendered":"<p>Nous vous souhaitons une bonne arriv\u00e9e \u00e0 Grand Poitiers \ud83d\ude42 Si vous aimez jouer, vous \u00eates dans le bon endroit<\/p>\n","protected":false},"author":2,"featured_media":1629,"parent":0,"menu_order":0,"comment_status":"closed","ping_status":"closed","template":"","meta":{"footnotes":""},"aioseo_notices":[],"_links":{"self":[{"href":"https:\/\/labourseades.fr\/index.php\/wp-json\/wp\/v2\/pages\/639"}],"collection":[{"href":"https:\/\/labourseades.fr\/index.php\/wp-json\/wp\/v2\/pages"}],"about":[{"href":"https:\/\/labourseades.fr\/index.php\/wp-json\/wp\/v2\/types\/page"}],"author":[{"embeddable":true,"href":"https:\/\/labourseades.fr\/index.php\/wp-json\/wp\/v2\/users\/2"}],"replies":[{"embeddable":true,"href":"https:\/\/labourseades.fr\/index.php\/wp-json\/wp\/v2\/comments?post=639"}],"version-history":[{"count":25,"href":"https:\/\/labourseades.fr\/index.php\/wp-json\/wp\/v2\/pages\/639\/revisions"}],"predecessor-version":[{"id":2096,"href":"https:\/\/labourseades.fr\/index.php\/wp-json\/wp\/v2\/pages\/639\/revisions\/2096"}],"wp:featuredmedia":[{"embeddable":true,"href":"https:\/\/labourseades.fr\/index.php\/wp-json\/wp\/v2\/media\/1629"}],"wp:attachment":[{"href":"https:\/\/labourseades.fr\/index.php\/wp-json\/wp\/v2\/media?parent=639"}],"curies":[{"name":"wp","href":"https:\/\/api.w.org\/{rel}","templated":true}]}}